1 = -3*f. Calculate the highest common divisor of i and 1403.
23
Let t(i) = 898*i + 13526. Let z be t(-15). Calculate the greatest common factor of z and 2814.
14
Suppose 6*g - 49922 + 49634 = 0. Calculate the greatest common divisor of 180 and g.
12
Let z(c) = -c - 1. Let h be z(21). Let r = h + 34. Suppose -r*w + 39 = -11*w. Calculate the highest common factor of w and 39.
39
Let n be 143213/1148 + (7/(-4) - -2). What is the highest common factor of 140 and n?
5
Suppose s = -5 + 7, -4*h = 3*s - 318. Let v be (-24)/(-14)*(-21)/(-6). What is the greatest common divisor of v and h?
6
Let b(c) = 22*c**2 + 2*c**2 + 5*c - 15*c**2 - 6 + c**3. Let z be b(-8). What is the highest common factor of z and 306?
18
Let c(v) be the first derivative of -5*v**2/2 - 16*v - 1. Suppose 44 - 31 + 37 = -10*j. Let h be c(j). What is the greatest common factor of h and 27?
9
Let o(w) = 287*w**2 - 27*w + 78. Let r be o(3). Calculate the highest common divisor of r and 240.
60
Let p be (17/85)/((-2)/(-30)). Suppose 223 = -4*s + 691. Suppose -3*t + 6*t = s. Calculate the highest common factor of t and p.
3
Suppose -3*x - 5*q + 33967 = -58339, -3*x + 2*q + 92299 = 0. Calculate the highest common factor of 11 and x.
11
Let j = -3433 - -3485. What is the highest common factor of 21 and j?
1
Let b(m) = -2023*m**2 + 12*m. Let g be b(-2). Let l be (-1)/(-7) - (g/28 + -9). Calculate the highest common factor of 13 and l.
13
Let v be (7/(-63)*-6)/((-2)/(-525)*1). Let q(j) = 14*j**2 - 4*j + 2. Let s be q(2). What is the highest common factor of v and s?
25
Suppose -2*m + 150 = 134. Suppose -3*s + 718 = 4*c - m*s, 0 = s + 2. Calculate the greatest common factor of 3 and c.
3
Let a be ((-7)/2 + 4)*650. Let k(f) = f**3 - 12*f**2 + 11*f + 13. Let j be k(11). What is the highest common divisor of j and a?
13
Suppose 2341*j = 2352*j - 18634. What is the highest common factor of 154 and j?
154
Let f(r) = r**2 - 26*r + 53. Let i be f(24). Suppose k + 1022 = i*k - d, -3*k + 778 = 5*d. What is the greatest common divisor of k and 16?
16
Let m be (-6*12/(-27))/(-9 - 1411/(-153)). What is the greatest common factor of 342 and m?
6
Let q be (8 + (18318 - 20))/2. What is the highest common divisor of q and 226?
113
Suppose -g = 0, -60 = -27*p + 24*p - 0*g + 2*g. Calculate the highest common factor of 3980 and p.
20
Suppose f = -b - 1, -3*b = -4*f - 19 - 6. Suppose -2*l = -b*o + 164, -5*o + 3*l = -244 - 29. Calculate the greatest common divisor of 270 and o.
54
Let v(y) = -y**2 + 20*y - 61. Let x be v(9). Let j(h) = -h**3 + 37*h**2 + 41*h - 94. Let k be j(x). What is the highest common divisor of k and 12?
4
Let y = 3821 - 3661. What is the highest common factor of y and 500?
20
Let v be (-53960)/(-1136) + 3/(-2). Calculate the greatest common factor of v and 8993.
23
Let z be -9 + -3 + -3 + -1. Let d be (-6)/4*z/6. Suppose -d*g - 76 = -208. Calculate the highest common divisor of g and 3.
3
Let y(h) = 45*h + 98. Let x = -225 - -231. Let a be y(x). Calculate the greatest common divisor of 46 and a.
46
Let d(r) = r**2 - 110*r + 1433. Let n be d(15). Calculate the greatest common factor of 1224 and n.
8
Let d be -3 - (-576 - 3/1)*1. Suppose -10*g = 8*g - d. What is the greatest common divisor of g and 24?
8
Let x = 392 + -352. Let u = 4 + -2. Suppose u*b - 5*b + 15 = 0. What is the greatest common factor of b and x?
5
Suppose -922*o = -2*z - 927*o + 2740, -5*z - o + 6804 = 0. What is the greatest common divisor of 5712 and z?
272
Let w(u) be the second derivative of u**5/20 + u**4 + 4*u**3/3 - 3*u**2/2 + 31*u. Let z be w(-11). Calculate the greatest common factor of 70 and z.
10
Let n be ((-12)/24 + 4)/(7/126). Let o = 351 + -204. Calculate the highest common divisor of o and n.
21
Suppose -66*r + 3076 = -1016. What is the highest common factor of 14446 and r?
62
Let n = 2859 + -2852. Calculate the greatest common divisor of n and 448.
7
Let c(m) = m**2 + 79*m - 137. Let v be c(-81). Calculate the highest common divisor of 74 and v.
1
Let p(o) = 30*o**2 - 206*o. Let s be p(7). What is the highest common factor of s and 1281?
7
Let f(v) = v**2 - 25*v - 122. Let s be f(-13). Suppose s = 34*m - 22*m. Calculate the highest common divisor of m and 930.
31
Suppose 3*c = -12 + 252. Let p = 3894 - 3889. What is the greatest common divisor of p and c?
5
Suppose -13*f - 50*h + 8178 = -46*h, f - h - 633 = 0. What is the highest common factor of 135 and f?
45
Let v be 118/472 + (4*-1)/16*-1259. What is the highest common divisor of 1350 and v?
45
Suppose z = -40 + 59. Suppose c - 51 + z = 0. What is the highest common divisor of 12 and c?
4
Let b = -402 - -386. Let l be b/(-96) - 4703/(-6). What is the highest common factor of l and 56?
56
Suppose 0 = 10*k - 10. Let r be (-2 + k)*(11 - (-2 - -2)). Let h be 2/r + 1246/77. What is the highest common factor of 16 and h?
16
Let j be (-4)/3 - (-247)/78*8. Calculate the highest common factor of 1119 and j.
3
Let d = -378 + 380. Let k be 10 - (20 + -23)*d/6. What is the highest common divisor of k and 517?
11
Suppose -3*w = 4*v - 36, -3*v - 12 = -3*w + 3. Suppose -2*y + d = -17, -26 = 66*y - 68*y - 2*d. Calculate the greatest common factor of w and y.
2
Let n(o) = 308*o - 10663. Let w be n(35). Calculate the greatest common divisor of 189 and w.
9
Let a(m) = -m**3 - m**2 + 3*m + 19. Let k be a(-3). Suppose 5*c + 4*r - 23 = 0, 5*c - 29 = -4*r + 2*r. Calculate the highest common factor of k and c.
7
Suppose 331*q + 3*s = 333*q - 17566, -q + 8793 = s. Calculate the greatest common factor of q and 22.
11
Let t(y) = -11*y**2 - 10*y + 9. Let l be t(-7). Let c = l + 469. Calculate the highest common factor of c and 30.
3
Suppose 0 = s + 39 - 115. Let k = 127 - s. Suppose 0*n = 5*n - 170. Calculate the highest common divisor of k and n.
17
Suppose 0 = -4*q - 3*j + 2496, 2*q = q + j + 638. What is the greatest common divisor of 3690 and q?
90
Suppose 0 = 3*p - 5*w - 153, -9*w = -5*p - 8*w + 255. Suppose -506*j - p = -509*j. What is the greatest common divisor of 306 and j?
17
Let b be 112*387/1720 + 1/(-5). Calculate the greatest common divisor of b and 625.
25
Let q be -5 - -1 - 2 - 0. Let c be -3 - (q/2 - 21). What is the greatest common factor of c and 21?
21
Let q = 56 + 301. Let s = -309 + q. What is the highest common divisor of s and 176?
16
Suppose 289*r - 2951 - 2251 = 0. What is the highest common factor of 19143 and r?
9
Let w be (19*(3 + -7))/(-4). Let y = -16 + w. Calculate the greatest common factor of 5 and y.
1
Let d be (40/(-60))/((-10)/375). What is the highest common factor of 7775 and d?
25
Let i be (-2)/4*0/(-4 - -9). Let y be i/(-2) + (-20)/(-5). Let v be y/(-3 + 7)*36. What is the highest common factor of v and 54?
18
Suppose 12547 - 37571 = -46*a. What is the greatest common factor of a and 204?
68
Let g = -46302 + 76614. Calculate the highest common factor of g and 48.
24
Let t(o) = 7*o**3 + 4*o**2 + 25*o - 105. Let i be t(6). Calculate the greatest common factor of 21 and i.
21
Suppose 0 = 146*b - 159112 - 8761 - 236547. Calculate the highest common factor of b and 10.
10
Suppose 0 = -i - 15*k + 11*k + 280, 0 = -2*k - 2. Let a = i - 271. Calculate the highest common factor of a and 26.
13
Let f = -30124 + 30304. What is the highest common factor of 16020 and f?
180
Let v(i) = i**3 + 5*i**2 - 2*i - 7. Let z be v(-5). Suppose 52*b - 57*b = 1350. Let h = b - -279. What is the highest common divisor of z and h?
3
Suppose 2050 - 5938 = -8*c. Calculate the greatest common factor of c and 810.
162
Suppose -3*k = 2*r - 143, -k - 30 = -31. Suppose -480 = 6*a - 9*a. Suppose 8 = 4*u - 0, 5*t = -5*u + a. What is the greatest common factor of t and r?
10
Suppose 0 = w + 12557 - 12726. What is the greatest common factor of 27547 and w?
169
Suppose -3*c - 2*n - 20 = -8*c, -4*c = 4*n - 16. Suppose 0 = -4*r, 4*f + 5*r - 2 - 46 = 0. What is the greatest common divisor of c and f?
4
Let r(l) = l**2 - 11*l + 16. Let m be r(9). Let p be 3/(-6) + 9/6 + m. Let v be (-5)/(6/9 + p). Calculate the highest common divisor of 105 and v.
15
Let n = 7389 + -7046. Calculate the greatest common factor of 1421 and n.
49
Suppose -5*u = -2*b + 77, -2*b + 175 = 3*b + 5*u. Let o be (-91)/2*b/(-7). Suppose -o = -10*d + 126. Calculate the greatest common factor of d and 24.
12
Le